nd s?
25
Suppose -5*c - 15 = 0, 3*l = 5*c + 231 + 222. Let x be (657/(-144))/((-7)/112). Calculate the highest common divisor of l and x.
73
Let w be (21 - -2) + -3 + (-23 - -30). Suppose -112 = -2*g + 914. Calculate the highest common divisor of w and g.
27
Let w = -247 + 368. Let h = w - 173. Let k = 53 + h. What is the greatest common factor of 4 and k?
1
Let u = 3731 - 3595. What is the highest common divisor of 24 and u?
8
Let i(s) = -2*s**2 - 24*s - 4. Let a be i(-11). Let n(g) = 134*g + 1516. Let v be n(-11). Calculate the greatest common divisor of v and a.
6
Let t(a) = 2*a**2 + 62*a - 25. Let v be t(-32). Suppose 2*g = 7*g - 10. Let y = 15 - g. Calculate the greatest common divisor of v and y.
13
Let v = 68 + -156. Let d(z) = -z**3 - 12*z**2 + 32*z - 8. Let m be d(-14). Let o = m - v. What is the greatest common factor of 96 and o?
24
Let v(u) = 48*u - 4769. Let z be v(111). Calculate the greatest common divisor of 104 and z.
13
Suppose 4*o = -5*l + 54, -3*o + 23 + 29 = -2*l. Let a be 15/105 + 216/7. Suppose -1 - a = -z. What is the highest common factor of o and z?
16
Let a(k) = 188*k + 1172. Let q be a(-6). Calculate the highest common factor of 100 and q.
4
Let z = -18237 - -27312. What is the highest common factor of z and 30?
15
Let v = -4146 + 4749. What is the greatest common divisor of v and 18?
9
Let f = -16884 - -20973. Calculate the highest common factor of f and 846.
141
Suppose 4*x = -4*d + 92 - 20, 26 = d + 5*x. Suppose -o + 4*h - 2*h + 104 = 0, -2*o - 2*h = -232. Calculate the greatest common divisor of o and d.
16
Let g = -18 - -70. Suppose -n - 3*q + 11 = 0, -41*n + 5*q - 79 = -45*n. What is the highest common divisor of g and n?
26
Let z(q) = 2030*q - 1878. Let g be z(1). What is the highest common divisor of g and 19?
19
Suppose t = 4*t - 5*x - 1047, 0 = 3*t + 3*x - 1047. Let m = t + -693. Let q be m/((-1)/((-3)/(-6))). Calculate the highest common divisor of 43 and q.
43
Let m(g) = 143*g - 325. Let b be m(10). Let n = 2005 - b. What is the greatest common divisor of n and 36?
36
Let r(y) = 11*y**3 - 109*y**2 - 48. Let p be r(10). Calculate the highest common divisor of p and 4420.
52
Let t be (390/455)/((-1)/(-14126)). What is the greatest common divisor of 12 and t?
12
Let w = 17975 - 17500. What is the highest common factor of w and 304?
19
Suppose 2979 = 8*f - 421. What is the greatest common factor of 459 and f?
17
Let k = -182 + -136. Let o be ((-338)/3)/(212/k). Calculate the greatest common factor of 13 and o.
13
Let x(b) = -40*b + 1438. Let i be x(34). What is the greatest common divisor of i and 6591?
39
Let b be (-1)/1 - -4 - (2 - 1). Suppose b*j - 104 = -38. Let s = -51 + 73. Calculate the highest common factor of s and j.
11
Let l be (1 - -3 - -348)/(2/(-1 - -2)). Calculate the highest common divisor of l and 520.
8
Let l(s) = 461*s**2 + 56*s + 10. Let y be l(6). What is the highest common factor of y and 86?
86
Let a = 213 - 208. Suppose -2*l + 6 = -0. Suppose 0 = 5*t + l*p - 41, 2 = 4*t + p - 35. What is the greatest common divisor of a and t?
5
Suppose -124*j + 4912 = -132*j. Let t = 700 + j. What is the highest common factor of 602 and t?
86
Let w(f) be the second derivative of -7*f**3/6 - 21*f**2/2 + 7*f. Let t be w(-5). Let b be (-1)/(-2)*2*t. Calculate the highest common divisor of b and 70.
14
Let v be 5 - (121/(-33))/(6/18). Calculate the highest common divisor of v and 6480.
16
Let q be 72911/5 - 1/(8 - 3). Suppose -2486 = 27*x - q. Calculate the highest common divisor of 7 and x.
7
Let z = 25 + -25. Let g be z + (-64)/12*18/(-8). Calculate the highest common divisor of 300 and g.
12
Let n be (165/88)/((-177)/(-8024)). Suppose -z + 136 = 4*v + z, -5*v + 3*z + 170 = 0. What is the highest common divisor of v and n?
17
Let t be -1*((-1 - -1) + -124). Let j = t + -46. Suppose -r - 6102 + 6108 = 0. What is the greatest common factor of j and r?
6
Suppose 10 = 2*d, s + 4*d = d + 44. What is the greatest common factor of 2291 and s?
29
Let f = 150 + -145. Suppose -f*k - 4*c + 3*c + 180 = 0, -3*k - c = -110. Calculate the highest common divisor of 15 and k.
5
Suppose 0 = -2*g - 4*w + 316, 5*w = 2*g - g - 130. Let l(d) = 15*d**2. Let n be l(2). What is the highest common divisor of n and g?
30
Suppose 4792 + 3755 = 2*p + 5*p. What is the highest common divisor of 66 and p?
33
Let w be ((-6)/(-5))/(9/420). Let j be (-7 - 684/(-90)) + (1032/10)/3. Calculate the highest common divisor of j and w.
7
Let l be (-593456)/(-406) - 2/(-7). Calculate the greatest common factor of 119 and l.
17
Suppose -24*d + 15*d = 28*d - 666. Calculate the highest common divisor of d and 2082.
6
Let i(x) = x**2 - 8*x + 8. Let h(g) = -g**2 - 3*g + 192. Let j be h(-16). Let w be i(j). What is the highest common divisor of w and 147?
49
Let i(q) = 352*q - 7024. Let h be i(27). What is the greatest common divisor of h and 160?
80
Let k(a) = -452*a + 483. Let b be k(-4). What is the greatest common factor of 79 and b?
79
Let v be 18 + (95 - -11) + 8. Calculate the greatest common divisor of v and 504.
12
Let q(s) be the third derivative of s**6/40 - 2*s**5/15 + 11*s**4/24 + 11*s**3/3 + 186*s**2. Let l be q(7). Calculate the highest common factor of 46 and l.
46
Suppose -3*h + 1991 = 3*y - 634, 3*y = 5*h - 4359. Let w = -459 + h. What is the highest common divisor of 36 and w?
18
Let g = 188 + -171. Let k(l) = 9*l - 141. Let s be k(g). What is the highest common divisor of s and 588?
12
Let w be ((-4)/(-4))/((-1)/(-11)). Suppose -746*u - 47*u = -235521. Calculate the greatest common factor of u and w.
11
Suppose 0 = -c - r + 268 - 187, 3*c - 231 = -5*r. What is the greatest common factor of 5133 and c?
87
Suppose -5*a + 332 = -3*o, 14*o = 11*o - 12. Let f(n) = -n**2 - 13*n + 16. Let r be f(-13). Let y = -8 + r. What is the highest common divisor of y and a?
8
Let q(p) = 68*p - 31. Let j be q(-8). Let g = j - -641. What is the greatest common factor of 231 and g?
33
Let l(a) = 3*a**2 - 42*a + 155. Let h be l(12). Calculate the highest common factor of h and 664.
83
Let w(s) = -s**3 + 13*s**2 - 11*s + 403. Let z be w(13). Calculate the greatest common divisor of 767 and z.
13
Let t be (-21)/28 - (-1 - 86/8). Suppose 0 = t*h - 12 + 1. Let f be (h + 2)/((-15)/(-55)). Calculate the greatest common divisor of 77 and f.
11
Let y(r) = -2*r**3 + 145*r**2 + 73*r + 336. Let j be y(73). Calculate the highest common factor of 1536 and j.
48
Let g be -9*((-7)/(-6) - 13/(-26)). Let y be (-10)/g + (31/3 - -2). What is the highest common factor of 169 and y?
13
Let j be (2/(-2) - 7)/(14/(-910)). Let r = j + -320. Calculate the greatest common divisor of r and 40.
40
Let p(s) = -3*s**2 - 12*s + 5. Let u be p(-3). Suppose u = h + 10. Calculate the greatest common divisor of 12 and h.
4
Let o(w) = 794*w**2 + 15*w - 14. Let r be o(1). What is the highest common factor of r and 15?
15
Let g(x) = x**3 - 4*x**2 - 10*x + 27. Let o be g(5). Suppose -5*y + 192 = 4*a, o*a - 6*a + 12 = 0. What is the greatest common divisor of y and 612?
36
Let w be (157 - 3)/(4/10). Let b be (-4)/(-6)*(6 - -339). Let c = b - 195. What is the highest common factor of c and w?
35
Let s(k) = k**2 - k - 3. Let r(z) = z**2 - z - 3. Let a(d) = -3*r(d) + 4*s(d). Let f be a(2). Let c = f + 9. Calculate the highest common factor of 6 and c.
2
Suppose -4*w - 579 - 17 = 0. Let m = w - -207. What is the greatest common factor of m and 174?
58
Let i(f) = 308*f + 2824. Let y be i(35). What is the greatest common divisor of y and 76?
76
Suppose -470 = -14*p + 9*p + 5*n, -n = -3*p + 278. What is the highest common factor of p and 460?
92
Suppose -3*x + 14539 = 4*l, -2 = -7*x + 5*x. What is the greatest common factor of 948 and l?
158
Let s = 6 + -1. Let c(d) = -3*d**2 - 11*d - 1. Let w be c(-5). Let g be 3 + 69/w - 9/(-7). Calculate the highest common divisor of s and g.
1
Let u(l) = -l - 1. Let f be u(0). Let b = 2 + f. Let o = -660 - -664. Calculate the greatest common divisor of b and o.
1
Suppose 2*d - 24*w + 27*w = 24008, -35999 = -3*d + 2*w. What is the greatest common divisor of d and 11?
11
Let b(d) = 412*d - 48593. Let h be b(118). Suppose t + 236 = 3*t - 2*m, 5*m + 130 = t. What is the highest common factor of t and h?
23
Let m(w) be the first derivative of w**4/4 - 26*w**3/3 